{"id":48,"date":"2017-05-14T11:18:58","date_gmt":"2017-05-14T09:18:58","guid":{"rendered":"http:\/\/hrvatska-citaonica-bol.hr\/?page_id=48"},"modified":"2022-04-23T11:40:32","modified_gmt":"2022-04-23T09:40:32","slug":"goticki-ljetnikovac","status":"publish","type":"page","link":"http:\/\/hrvatska-citaonica-bol.hr\/?page_id=48","title":{"rendered":"Goti\u010dki ljetnikovac"},"content":{"rendered":"<p>Knji\u017enica se smjestila u tijesnom prostoru utvr\u0111enog goti\u010dkog ljetnikovca uz more, s kraja XV. i po\u010detka XVI. stolje\u0107a. Na njemu se isti\u010du slomljeni lukovi prozora s lijepim kamenim biforama s kojih puca pogled na Hvarski kanal i Vidovu goru, najvi\u0161i vrh jadranskih otoka. Ljetnikovac je izdvojen primjerak kasnog goti\u010dkog graditeljstva na Bra\u010du.<\/p>\n<p>Zgrada goti\u010dkog ljetnikovca s biforama i cvije\u0107em ne\u0107e ostati nezapa\u017eena \u010dak ni onim turistima koji u hotelima nisu primijetili obavijest na svom jeziku o ponudi literature na stranim jezicima u mjesnoj knji\u017enici. Zasigurno \u0107e u\u0107i u lijepi kameni atrij s bron\u010danim poprsjima hrvatskih pisaca: Vladimira Nazora, Ivana Gunduli\u0107a i Ive \u0106ipika i ne\u0107e mo\u0107i odoljeti vi\u0161ejezi\u010dnom natpisu koji ih upu\u0107uje na knji\u017enicu.<\/p>\n<p>&nbsp;<\/p>\n<p>POVIJEST GOTI\u010cKOG LJETNIKOVCA<\/p>\n<p>&nbsp;<\/p>\n<p>Sred ju\u017ene obale Bra\u010da, na morskoj hridini u Bolu sagra\u0111ena je prostrana ku\u0107a goti\u010dkog stila, koja je skoro zaboravljena, iako se isti\u010de po svom polo\u017eaju i zna\u010denju.<\/p>\n<p>Ni\u0161ta se o njoj pouzdana ne mo\u017ee re\u0107i. Ni tko ju je, ni kada sagradio, jer joj nisu uklesali ni lozinku, ni godinu izgradnje, niti postavili grb, sa kojima su se di\u010dile mnoge ku\u0107e i pala\u010de ovog stila. Tek njen stil, kasna gotika, odava da je sazidana krajem 15. ili po\u010dekom 16.stolje\u0107a.<\/p>\n<p>U katastralnoj mapi Bola iz 1833. godine zabilje\u017eeno je da pripada Franu Lode, ali Lodetovi\u0107i nisu stara bolska obitelj, spominju se tek po\u010detkom 17. stolje\u0107a, dakle vi\u0161e od stotinjak godina kasnije od gradnje ljetnikovca. Iz mape je vidljivo da je pred pro\u010deljem uz jugozapadni ugao imala otvoreno stepeni\u0161te, ali to joj bija\u0161e vjerojatno kasnije nadodano. Sve do po\u010detka 20. stolje\u0107a bija\u0161e vi\u0161a, a u opisu \u010destica spomenute mape zabilje\u017eeno je da je bila dvokatnica, ali je ve\u0107 tada bila tro\u0161na i nenastanjena, pa je stoga i slu\u017eila samo kao skladi\u0161te. Ribarska zadruga ju je kao takvu 1910. godine preuredila. Snizili su je, preuredili, opkolili obalnom cestom odijeliv\u0161i je od mora, do kojeg je prije dopirao njen isto\u010dni zid. Pri tomu su okrnjili njen ugao i ugrozili joj \u010dvrsto\u0107u. Ipak njena jezgra je sa\u010duvana. Na ju\u017enom pro\u010delnom zidu jo\u0161 je ostala osnovna kompozicija prvog kata, sa vitkom goti\u010dkom biforom u sredini, uz koju su kameni prstenovi i dvije monofore istog stila.<\/p>\n<p>Arhivska \u0107e gra\u0111a mo\u017eda jednom i utvrditi prvotne vlasnike, pa i otkriti poneke odraze povijesnih zbivanja, koji odjeknu\u0161e i u ovoj ku\u0107i. Tjeskobe po\u0161asti i ratova prodrle su i u njene sobe, u njenom dvori\u0161tu \u010dule su se strahote turskih progona i o\u010daj hercegova\u010dkih i polji\u010dkih izbjeglica, kroz njene ogivalne prozore odsjevao je u mra\u010dnim no\u0107ima plamen Ivani\u0107eve bune sa susjednih hvarskih sela, \u010duo se \u017eamor najamni\u010dke vojske, koje je prodivur Giustinian bio okupio u Bolu ljeti 1512. godine, da ugu\u0161i taj ustanak. Ali jugovina kao da je raznjela sve te do\u017eivljaje opustjele ku\u0107e i nama ne preostaje nego da je nijemu uokvirimo u suhoparni okvir krhkog znanja i struke, koja ku\u0161a da o\u017eivi i valorizira stara i zapu\u0161tena zdanja. [<em>Bra\u010dki zbornik 3,<\/em> str. 66-74, 1957.]<\/p>\n<p><img decoding=\"async\" loading=\"lazy\" class=\"size-large wp-image-31 aligncenter\" src=\"http:\/\/hrvatska-citaonica-bol.hr\/wp-content\/uploads\/2017\/05\/0home-1-1024x683.jpg\" alt=\"\" width=\"710\" height=\"474\" srcset=\"http:\/\/hrvatska-citaonica-bol.hr\/wp-content\/uploads\/2017\/05\/0home-1-1024x683.jpg 1024w, http:\/\/hrvatska-citaonica-bol.hr\/wp-content\/uploads\/2017\/05\/0home-1-300x200.jpg 300w, http:\/\/hrvatska-citaonica-bol.hr\/wp-content\/uploads\/2017\/05\/0home-1-768x512.jpg 768w, http:\/\/hrvatska-citaonica-bol.hr\/wp-content\/uploads\/2017\/05\/0home-1.jpg 2000w\" sizes=\"(max-width: 710px) 100vw, 710px\" \/><\/p>\n<p>&nbsp;<\/p>\n<p><img decoding=\"async\" loading=\"lazy\" class=\"size-large wp-image-107 aligncenter\" src=\"http:\/\/hrvatska-citaonica-bol.hr\/wp-content\/uploads\/2017\/05\/IMG_5766-683x1024.jpg\" alt=\"Goti\u010dki ljetnikovac\" width=\"683\" height=\"1024\" srcset=\"http:\/\/hrvatska-citaonica-bol.hr\/wp-content\/uploads\/2017\/05\/IMG_5766-683x1024.jpg 683w, http:\/\/hrvatska-citaonica-bol.hr\/wp-content\/uploads\/2017\/05\/IMG_5766-200x300.jpg 200w, http:\/\/hrvatska-citaonica-bol.hr\/wp-content\/uploads\/2017\/05\/IMG_5766-768x1152.jpg 768w, http:\/\/hrvatska-citaonica-bol.hr\/wp-content\/uploads\/2017\/05\/IMG_5766.jpg 2000w\" sizes=\"(max-width: 683px) 100vw, 683px\" \/><\/p>\n<p>&nbsp;<\/p>\n<p><img decoding=\"async\" loading=\"lazy\" class=\"size-large wp-image-1056 aligncenter\" src=\"http:\/\/hrvatska-citaonica-bol.hr\/wp-content\/uploads\/2017\/05\/IMG_0592-768x1024.jpg\" alt=\"\" width=\"710\" height=\"947\" srcset=\"http:\/\/hrvatska-citaonica-bol.hr\/wp-content\/uploads\/2017\/05\/IMG_0592-768x1024.jpg 768w, http:\/\/hrvatska-citaonica-bol.hr\/wp-content\/uploads\/2017\/05\/IMG_0592-225x300.jpg 225w, http:\/\/hrvatska-citaonica-bol.hr\/wp-content\/uploads\/2017\/05\/IMG_0592.jpg 1704w\" sizes=\"(max-width: 710px) 100vw, 710px\" \/><\/p>\n<p><img decoding=\"async\" loading=\"lazy\" class=\"size-large wp-image-3213 aligncenter\" src=\"http:\/\/hrvatska-citaonica-bol.hr\/wp-content\/uploads\/2022\/04\/1623771440114-1024x768.jpg\" alt=\"\" width=\"710\" height=\"533\" srcset=\"http:\/\/hrvatska-citaonica-bol.hr\/wp-content\/uploads\/2022\/04\/1623771440114-1024x768.jpg 1024w, http:\/\/hrvatska-citaonica-bol.hr\/wp-content\/uploads\/2022\/04\/1623771440114-300x225.jpg 300w, http:\/\/hrvatska-citaonica-bol.hr\/wp-content\/uploads\/2022\/04\/1623771440114-768x576.jpg 768w, http:\/\/hrvatska-citaonica-bol.hr\/wp-content\/uploads\/2022\/04\/1623771440114.jpg 1600w\" sizes=\"(max-width: 710px) 100vw, 710px\" \/><\/p>\n","protected":false},"excerpt":{"rendered":"<p>Knji\u017enica se smjestila u tijesnom prostoru utvr\u0111enog goti\u010dkog ljetnikovca uz more, s kraja XV. i po\u010detka XVI. stolje\u0107a. Na njemu se isti\u010du slomljeni lukovi prozora s lijepim kamenim biforama s kojih puca pogled na Hvarski kanal i Vidovu goru, najvi\u0161i<a class=\"more-link\" href=\"http:\/\/hrvatska-citaonica-bol.hr\/?page_id=48\" title=\"Goti\u010dki ljetnikovac\"><span>Pro\u010ditaj vi\u0161e&#8230;<\/span><\/a><\/p>\n","protected":false},"author":1,"featured_media":0,"parent":38,"menu_order":2,"comment_status":"closed","ping_status":"closed","template":"","meta":[],"_links":{"self":[{"href":"http:\/\/hrvatska-citaonica-bol.hr\/index.php?rest_route=\/wp\/v2\/pages\/48"}],"collection":[{"href":"http:\/\/hrvatska-citaonica-bol.hr\/index.php?rest_route=\/wp\/v2\/pages"}],"about":[{"href":"http:\/\/hrvatska-citaonica-bol.hr\/index.php?rest_route=\/wp\/v2\/types\/page"}],"author":[{"embeddable":true,"href":"http:\/\/hrvatska-citaonica-bol.hr\/index.php?rest_route=\/wp\/v2\/users\/1"}],"replies":[{"embeddable":true,"href":"http:\/\/hrvatska-citaonica-bol.hr\/index.php?rest_route=%2Fwp%2Fv2%2Fcomments&post=48"}],"version-history":[{"count":21,"href":"http:\/\/hrvatska-citaonica-bol.hr\/index.php?rest_route=\/wp\/v2\/pages\/48\/revisions"}],"predecessor-version":[{"id":3504,"href":"http:\/\/hrvatska-citaonica-bol.hr\/index.php?rest_route=\/wp\/v2\/pages\/48\/revisions\/3504"}],"up":[{"embeddable":true,"href":"http:\/\/hrvatska-citaonica-bol.hr\/index.php?rest_route=\/wp\/v2\/pages\/38"}],"wp:attachment":[{"href":"http:\/\/hrvatska-citaonica-bol.hr\/index.php?rest_route=%2Fwp%2Fv2%2Fmedia&parent=48"}],"curies":[{"name":"wp","href":"https:\/\/api.w.org\/{rel}","templated":true}]}}