{"id":62,"date":"2017-05-14T11:26:29","date_gmt":"2017-05-14T09:26:29","guid":{"rendered":"http:\/\/hrvatska-citaonica-bol.hr\/?page_id=62"},"modified":"2017-10-06T13:25:13","modified_gmt":"2017-10-06T11:25:13","slug":"pitajte-knjiznicara","status":"publish","type":"page","link":"http:\/\/hrvatska-citaonica-bol.hr\/?page_id=62","title":{"rendered":"Pitajte knji\u017eni\u010dara"},"content":{"rendered":"<p>Ne guglajte ve\u0107 pitajte knji\u017eni\u010dare iz hrvatskih narodnih knji\u017enica. Projekt je dostupan na\u00a0mre\u017enim stranicama online referentnih usluga knji\u017eni\u010dara iz hrvatskih narodnih knji\u017enica. Vi\u0161e o projektu mo\u017eete pro\u010ditati na stranicama\u00a0<a href=\"http:\/\/www.knjiznica.hr\/pitajte-knjiznicare\/\" target=\"_blank\" rel=\"noopener noreferrer\">Pitajte knji\u017eni\u010dare<\/a>.<\/p>\n<p>Odgovor na svoje pitanje mo\u017eete po\u010deti tra\u017eiti ispunjavaju\u0107i sljede\u0107u formu.<\/p>\n<form class=\"form-horizontal forma1\" action=\"http:\/\/www.knjiznica.hr\/pitajte-knjiznicare\/pretrazivanje\/\" method=\"post\" name=\"form1\"><label><input id=\"search_word\" name=\"search_word\" size=\"50\" type=\"text\" value=\"\" placeholder=\"Pretra\u017eite dostupne odgovore...\" \/><\/label><br \/>\n<input id=\"submit\" name=\"submit\" type=\"submit\" value=\"Tra\u017ei\" \/><\/form>\n<p>&nbsp;<\/p>\n<p>Ili po\u0161aljite svoje <a href=\"http:\/\/www.knjiznica.hr\/pitajte-knjiznicare\/pitanje\/index.php\">pitanje<\/a>.<\/p>\n","protected":false},"excerpt":{"rendered":"<p>Ne guglajte ve\u0107 pitajte knji\u017eni\u010dare iz hrvatskih narodnih knji\u017enica. Projekt je dostupan na\u00a0mre\u017enim stranicama online referentnih usluga knji\u017eni\u010dara iz hrvatskih narodnih knji\u017enica. Vi\u0161e o projektu mo\u017eete pro\u010ditati na stranicama\u00a0Pitajte knji\u017eni\u010dare. Odgovor na svoje pitanje mo\u017eete po\u010deti tra\u017eiti ispunjavaju\u0107i sljede\u0107u formu.<a class=\"more-link\" href=\"http:\/\/hrvatska-citaonica-bol.hr\/?page_id=62\" title=\"Pitajte knji\u017eni\u010dara\"><span>Pro\u010ditaj vi\u0161e&#8230;<\/span><\/a><\/p>\n","protected":false},"author":1,"featured_media":0,"parent":56,"menu_order":0,"comment_status":"closed","ping_status":"closed","template":"","meta":[],"_links":{"self":[{"href":"http:\/\/hrvatska-citaonica-bol.hr\/index.php?rest_route=\/wp\/v2\/pages\/62"}],"collection":[{"href":"http:\/\/hrvatska-citaonica-bol.hr\/index.php?rest_route=\/wp\/v2\/pages"}],"about":[{"href":"http:\/\/hrvatska-citaonica-bol.hr\/index.php?rest_route=\/wp\/v2\/types\/page"}],"author":[{"embeddable":true,"href":"http:\/\/hrvatska-citaonica-bol.hr\/index.php?rest_route=\/wp\/v2\/users\/1"}],"replies":[{"embeddable":true,"href":"http:\/\/hrvatska-citaonica-bol.hr\/index.php?rest_route=%2Fwp%2Fv2%2Fcomments&post=62"}],"version-history":[{"count":13,"href":"http:\/\/hrvatska-citaonica-bol.hr\/index.php?rest_route=\/wp\/v2\/pages\/62\/revisions"}],"predecessor-version":[{"id":1083,"href":"http:\/\/hrvatska-citaonica-bol.hr\/index.php?rest_route=\/wp\/v2\/pages\/62\/revisions\/1083"}],"up":[{"embeddable":true,"href":"http:\/\/hrvatska-citaonica-bol.hr\/index.php?rest_route=\/wp\/v2\/pages\/56"}],"wp:attachment":[{"href":"http:\/\/hrvatska-citaonica-bol.hr\/index.php?rest_route=%2Fwp%2Fv2%2Fmedia&parent=62"}],"curies":[{"name":"wp","href":"https:\/\/api.w.org\/{rel}","templated":true}]}}