{"id":52,"date":"2017-05-14T11:19:44","date_gmt":"2017-05-14T09:19:44","guid":{"rendered":"http:\/\/hrvatska-citaonica-bol.hr\/?page_id=52"},"modified":"2017-12-06T11:31:17","modified_gmt":"2017-12-06T10:31:17","slug":"djelatnici","status":"publish","type":"page","link":"https:\/\/hrvatska-citaonica-bol.hr\/?page_id=52","title":{"rendered":"Djelatnici"},"content":{"rendered":"<p>Na\u0161a knji\u017enica zapo\u0161ljava samo jednu djelatnicu. Ona je ravnateljica, knji\u017eni\u010darka, organizatorica kulturnih doga\u0111anja, producentica, volonterka u Glazbenoj \u0161koli &#8211; Jadranka Neja\u0161mi\u0107.<\/p>\n<p><img decoding=\"async\" loading=\"lazy\" class=\"aligncenter wp-image-1123 size-full\" src=\"http:\/\/hrvatska-citaonica-bol.hr\/wp-content\/uploads\/2017\/12\/Vile-014.jpg\" alt=\"\" width=\"800\" height=\"534\" srcset=\"https:\/\/hrvatska-citaonica-bol.hr\/wp-content\/uploads\/2017\/12\/Vile-014.jpg 800w, https:\/\/hrvatska-citaonica-bol.hr\/wp-content\/uploads\/2017\/12\/Vile-014-300x200.jpg 300w, https:\/\/hrvatska-citaonica-bol.hr\/wp-content\/uploads\/2017\/12\/Vile-014-768x513.jpg 768w, https:\/\/hrvatska-citaonica-bol.hr\/wp-content\/uploads\/2017\/12\/Vile-014-450x300.jpg 450w\" sizes=\"(max-width: 800px) 100vw, 800px\" \/><\/p>\n<p>&nbsp;<\/p>\n<p style=\"text-align: center;\"><em>Ako ima\u0161 knji\u017enicu i vrt, ima\u0161 sve \u0161to ti je potrebno.<\/em> (Ciceron)<\/p>\n<p>&nbsp;<\/p>\n<p><img decoding=\"async\" loading=\"lazy\" class=\"aligncenter wp-image-118 size-large\" src=\"http:\/\/hrvatska-citaonica-bol.hr\/wp-content\/uploads\/2017\/05\/jadranka-1024x683.jpg\" alt=\"\" width=\"710\" height=\"474\" srcset=\"https:\/\/hrvatska-citaonica-bol.hr\/wp-content\/uploads\/2017\/05\/jadranka-1024x683.jpg 1024w, https:\/\/hrvatska-citaonica-bol.hr\/wp-content\/uploads\/2017\/05\/jadranka-300x200.jpg 300w, https:\/\/hrvatska-citaonica-bol.hr\/wp-content\/uploads\/2017\/05\/jadranka-768x512.jpg 768w, https:\/\/hrvatska-citaonica-bol.hr\/wp-content\/uploads\/2017\/05\/jadranka.jpg 2048w\" sizes=\"(max-width: 710px) 100vw, 710px\" \/><\/p>\n","protected":false},"excerpt":{"rendered":"<p>Na\u0161a knji\u017enica zapo\u0161ljava samo jednu djelatnicu. Ona je ravnateljica, knji\u017eni\u010darka, organizatorica kulturnih doga\u0111anja, producentica, volonterka u Glazbenoj \u0161koli &#8211; Jadranka Neja\u0161mi\u0107. &nbsp; Ako ima\u0161 knji\u017enicu i vrt, ima\u0161 sve \u0161to ti je potrebno. (Ciceron) &nbsp;<\/p>\n","protected":false},"author":1,"featured_media":0,"parent":38,"menu_order":4,"comment_status":"closed","ping_status":"closed","template":"","meta":[],"_links":{"self":[{"href":"https:\/\/hrvatska-citaonica-bol.hr\/index.php?rest_route=\/wp\/v2\/pages\/52"}],"collection":[{"href":"https:\/\/hrvatska-citaonica-bol.hr\/index.php?rest_route=\/wp\/v2\/pages"}],"about":[{"href":"https:\/\/hrvatska-citaonica-bol.hr\/index.php?rest_route=\/wp\/v2\/types\/page"}],"author":[{"embeddable":true,"href":"https:\/\/hrvatska-citaonica-bol.hr\/index.php?rest_route=\/wp\/v2\/users\/1"}],"replies":[{"embeddable":true,"href":"https:\/\/hrvatska-citaonica-bol.hr\/index.php?rest_route=%2Fwp%2Fv2%2Fcomments&post=52"}],"version-history":[{"count":7,"href":"https:\/\/hrvatska-citaonica-bol.hr\/index.php?rest_route=\/wp\/v2\/pages\/52\/revisions"}],"predecessor-version":[{"id":1124,"href":"https:\/\/hrvatska-citaonica-bol.hr\/index.php?rest_route=\/wp\/v2\/pages\/52\/revisions\/1124"}],"up":[{"embeddable":true,"href":"https:\/\/hrvatska-citaonica-bol.hr\/index.php?rest_route=\/wp\/v2\/pages\/38"}],"wp:attachment":[{"href":"https:\/\/hrvatska-citaonica-bol.hr\/index.php?rest_route=%2Fwp%2Fv2%2Fmedia&parent=52"}],"curies":[{"name":"wp","href":"https:\/\/api.w.org\/{rel}","templated":true}]}}